{"id":16335,"date":"2020-01-17T10:20:28","date_gmt":"2020-01-17T10:20:28","guid":{"rendered":"https:\/\/chlasmajadas.com\/?page_id=16335"},"modified":"2024-06-02T11:57:42","modified_gmt":"2024-06-02T11:57:42","slug":"campamento-de-verano","status":"publish","type":"page","link":"https:\/\/chlasmajadas.com\/index.php\/campamento-de-verano\/","title":{"rendered":"Campamentos de Verano 2024"},"content":{"rendered":"\n<p>Todos los campamentos ofertados son de dia. Los grupos son muy peque\u00f1os (m\u00e1ximo de 7 en clases de equitaci\u00f3n y 12 en las comunes ) y nuestras instalaciones est\u00e1n en un espacio natural, contando el Centro con m\u00e1s de 20.000m2.<\/p>\n\n\n\n<p>Para que la actividad sea m\u00e1s flexible, el pago del campamento, en su totalidad, puede ser o en efectivo el primer d\u00eda o por transferencia la semana anterior al mismo.<\/p>\n\n\n\n<p>Organizaremos los campamentos para abarcar todos los niveles de equitaci\u00f3n, desde la iniciaci\u00f3n hasta el m\u00e1s avanzado. Y para alumnos de menos de 10 a\u00f1os tendremos el PONY CLUB. Se puede apuntar a partir de 6 a\u00f1os.<\/p>\n\n\n\n<p>Tenemos mas de 20 a\u00f1os de experiencia impartiendo campamentos y nuestros campamentos son de calidad. NO encontrar\u00e1s otra campamento de similares caracter\u00edsticas y calidad a menor precio. <\/p>\n\n\n\n<p>Nuestras instalaciones son grandes y bien cuidadas en un precioso entorno. <\/p>\n\n\n\n<p>Nuestros caballos est\u00e1n bien domados y bien cuidados.<\/p>\n\n\n\n<p>A diferencia de otros campamentos del sector los alumnos no tienen mucho tiempo libre \u201cpara estar con los caballos\u201d. La actividad es incesante y cada hora est\u00e1 planificada con m\u00faltiples actividades.<\/p>\n\n\n<p><!--EndFragment--><img loading=\"lazy\" decoding=\"async\" class=\"alignnone  wp-image-16528\" src=\"http:\/\/chlasmajadas.com\/wp-content\/uploads\/2020\/01\/camp3-300x240.png\" alt=\"\" width=\"534\" height=\"427\" srcset=\"https:\/\/chlasmajadas.com\/wp-content\/uploads\/2020\/01\/camp3-300x240.png 300w, https:\/\/chlasmajadas.com\/wp-content\/uploads\/2020\/01\/camp3.png 500w\" sizes=\"(max-width: 534px) 100vw, 534px\" \/><\/p>\n\n\n<h3 class=\"has-vivid-red-color has-text-color wp-block-heading\">Campamentos de d\u00eda 2024<\/h3>\n\n\n\n<h3 class=\"wp-block-heading\">Campamentos de 9 a 14h<\/h3>\n\n\n\n<p>2 horas de equitaci\u00f3n <\/p>\n\n\n\n<p>2 horas de actividad &#8211;  baile \/ gymkana \/ teoria equestre \/ art \/ juegos en ingl\u00e9s etc<\/p>\n\n\n\n<p>Almuerzo<\/p>\n\n\n\n<p>5 dias, 10 a 18 a\u00f1os<\/p>\n\n\n\n<p><\/p>\n\n\n\n<p>Equitacion a partir de 10 a\u00f1os<\/p>\n\n\n\n<p>Precio: 200\u20ac<\/p>\n\n\n\n<p><strong>Fechas<\/strong> 2024<\/p>\n\n\n\n<p><strong>Camp 1:<\/strong> 24 -28 de junio   <strong>Camp 2:<\/strong> 1-5 de julio<strong>      <\/strong><\/p>\n\n\n\n<p><strong>Camp 3:<\/strong> 8-12 de julio   <strong>Camp 4:<\/strong> 15-20 de julio <\/p>\n\n\n\n<p>  <strong>CONTACTO PARA APUNTAR : 629 423 366<\/strong><\/p>\n\n\n\n<p>LLamar o enviar un Whatsupp con detalles &#8211; campamento elegido,  nombre del alumno , fecha de nacimiento , nombre y numero del responsable , correo electronico de contacto <\/p>\n\n\n\n<figure class=\"wp-block-image size-large\"><img loading=\"lazy\" decoding=\"async\" width=\"1024\" height=\"576\" src=\"http:\/\/chlasmajadas.com\/wp-content\/uploads\/2020\/01\/sl1-100.jpg\" alt=\"\" class=\"wp-image-16457\" srcset=\"https:\/\/chlasmajadas.com\/wp-content\/uploads\/2020\/01\/sl1-100.jpg 1024w, https:\/\/chlasmajadas.com\/wp-content\/uploads\/2020\/01\/sl1-100-300x169.jpg 300w, https:\/\/chlasmajadas.com\/wp-content\/uploads\/2020\/01\/sl1-100-768x432.jpg 768w, https:\/\/chlasmajadas.com\/wp-content\/uploads\/2020\/01\/sl1-100-830x467.jpg 830w, https:\/\/chlasmajadas.com\/wp-content\/uploads\/2020\/01\/sl1-100-230x129.jpg 230w, https:\/\/chlasmajadas.com\/wp-content\/uploads\/2020\/01\/sl1-100-350x197.jpg 350w, https:\/\/chlasmajadas.com\/wp-content\/uploads\/2020\/01\/sl1-100-480x270.jpg 480w\" sizes=\"(max-width: 706px) 89vw, (max-width: 767px) 82vw, 740px\" \/><\/figure>\n\n\n\n<figure class=\"wp-block-image size-large\"><img loading=\"lazy\" decoding=\"async\" width=\"680\" height=\"510\" src=\"http:\/\/chlasmajadas.com\/wp-content\/uploads\/2020\/01\/portada.jpg\" alt=\"\" class=\"wp-image-16451\" srcset=\"https:\/\/chlasmajadas.com\/wp-content\/uploads\/2020\/01\/portada.jpg 680w, https:\/\/chlasmajadas.com\/wp-content\/uploads\/2020\/01\/portada-300x225.jpg 300w, https:\/\/chlasmajadas.com\/wp-content\/uploads\/2020\/01\/portada-230x173.jpg 230w, https:\/\/chlasmajadas.com\/wp-content\/uploads\/2020\/01\/portada-350x263.jpg 350w, https:\/\/chlasmajadas.com\/wp-content\/uploads\/2020\/01\/portada-480x360.jpg 480w\" sizes=\"(max-width: 680px) 100vw, 680px\" \/><\/figure>\n","protected":false},"excerpt":{"rendered":"<p>Todos los campamentos ofertados son de dia. Los grupos son muy peque\u00f1os (m\u00e1ximo de 7 en clases de equitaci\u00f3n y 12 en las comunes ) y nuestras instalaciones est\u00e1n en un espacio natural, contando el Centro con m\u00e1s de 20.000m2. Para que la actividad sea m\u00e1s flexible, el pago del campamento, en su totalidad, puede &hellip; <\/p>\n<p class=\"link-more\"><a href=\"https:\/\/chlasmajadas.com\/index.php\/campamento-de-verano\/\" class=\"more-link\">Continuar leyendo<span class=\"screen-reader-text\"> \u00abCampamentos de Verano 2024\u00bb<\/span><\/a><\/p>\n","protected":false},"author":1,"featured_media":0,"parent":0,"menu_order":0,"comment_status":"closed","ping_status":"closed","template":"","meta":{"footnotes":""},"_links":{"self":[{"href":"https:\/\/chlasmajadas.com\/index.php\/wp-json\/wp\/v2\/pages\/16335"}],"collection":[{"href":"https:\/\/chlasmajadas.com\/index.php\/wp-json\/wp\/v2\/pages"}],"about":[{"href":"https:\/\/chlasmajadas.com\/index.php\/wp-json\/wp\/v2\/types\/page"}],"author":[{"embeddable":true,"href":"https:\/\/chlasmajadas.com\/index.php\/wp-json\/wp\/v2\/users\/1"}],"replies":[{"embeddable":true,"href":"https:\/\/chlasmajadas.com\/index.php\/wp-json\/wp\/v2\/comments?post=16335"}],"version-history":[{"count":41,"href":"https:\/\/chlasmajadas.com\/index.php\/wp-json\/wp\/v2\/pages\/16335\/revisions"}],"predecessor-version":[{"id":16848,"href":"https:\/\/chlasmajadas.com\/index.php\/wp-json\/wp\/v2\/pages\/16335\/revisions\/16848"}],"wp:attachment":[{"href":"https:\/\/chlasmajadas.com\/index.php\/wp-json\/wp\/v2\/media?parent=16335"}],"curies":[{"name":"wp","href":"https:\/\/api.w.org\/{rel}","templated":true}]}}

<p>Todos los campamentos ofertados son de dia. Los grupos son muy pequeños (máximo de 7 en clases de equitación y 12 en las comunes ) y nuestras instalaciones están en un espacio natural, contando el Centro con más de 20.000m2.</p>



<p>Para que la actividad sea más flexible, el pago del campamento, en su totalidad, puede ser o en efectivo el primer día o por transferencia la semana anterior al mismo.</p>



<p>Organizaremos los campamentos para abarcar todos los niveles de equitación, desde la iniciación hasta el más avanzado. Y para alumnos de menos de 10 años tendremos el PONY CLUB. Se puede apuntar a partir de 6 años.</p>



<p>Tenemos mas de 20 años de experiencia impartiendo campamentos y nuestros campamentos son de calidad. NO encontrarás otra campamento de similares características y calidad a menor precio. </p>



<p>Nuestras instalaciones son grandes y bien cuidadas en un precioso entorno. </p>



<p>Nuestros caballos están bien domados y bien cuidados.</p>



<p>A diferencia de otros campamentos del sector los alumnos no tienen mucho tiempo libre “para estar con los caballos”. La actividad es incesante y cada hora está planificada con múltiples actividades.</p>


<p><!--EndFragment--><img loading="lazy" decoding="async" class="alignnone  wp-image-16528" src="http://chlasmajadas.com/wp-content/uploads/2020/01/camp3-300x240.png" alt="" width="534" height="427" srcset="https://chlasmajadas.com/wp-content/uploads/2020/01/camp3-300x240.png 300w, https://chlasmajadas.com/wp-content/uploads/2020/01/camp3.png 500w" sizes="(max-width: 534px) 100vw, 534px" /></p>


<h3 class="has-vivid-red-color has-text-color wp-block-heading">Campamentos de día 2024</h3>



<h3 class="wp-block-heading">Campamentos de 9 a 14h</h3>



<p>2 horas de equitación </p>



<p>2 horas de actividad &#8211;  baile / gymkana / teoria equestre / art / juegos en inglés etc</p>



<p>Almuerzo</p>



<p>5 dias, 10 a 18 años</p>



<p></p>



<p>Equitacion a partir de 10 años</p>



<p>Precio: 200€</p>



<p><strong>Fechas</strong> 2024</p>



<p><strong>Camp 1:</strong> 24 -28 de junio   <strong>Camp 2:</strong> 1-5 de julio<strong>      </strong></p>



<p><strong>Camp 3:</strong> 8-12 de julio   <strong>Camp 4:</strong> 15-20 de julio </p>



<p>  <strong>CONTACTO PARA APUNTAR : 629 423 366</strong></p>



<p>LLamar o enviar un Whatsupp con detalles &#8211; campamento elegido,  nombre del alumno , fecha de nacimiento , nombre y numero del responsable , correo electronico de contacto </p>



<figure class="wp-block-image size-large"><img loading="lazy" decoding="async" width="1024" height="576" src="http://chlasmajadas.com/wp-content/uploads/2020/01/sl1-100.jpg" alt="" class="wp-image-16457" srcset="https://chlasmajadas.com/wp-content/uploads/2020/01/sl1-100.jpg 1024w, https://chlasmajadas.com/wp-content/uploads/2020/01/sl1-100-300x169.jpg 300w, https://chlasmajadas.com/wp-content/uploads/2020/01/sl1-100-768x432.jpg 768w, https://chlasmajadas.com/wp-content/uploads/2020/01/sl1-100-830x467.jpg 830w, https://chlasmajadas.com/wp-content/uploads/2020/01/sl1-100-230x129.jpg 230w, https://chlasmajadas.com/wp-content/uploads/2020/01/sl1-100-350x197.jpg 350w, https://chlasmajadas.com/wp-content/uploads/2020/01/sl1-100-480x270.jpg 480w" sizes="(max-width: 706px) 89vw, (max-width: 767px) 82vw, 740px" /></figure>



<figure class="wp-block-image size-large"><img loading="lazy" decoding="async" width="680" height="510" src="http://chlasmajadas.com/wp-content/uploads/2020/01/portada.jpg" alt="" class="wp-image-16451" srcset="https://chlasmajadas.com/wp-content/uploads/2020/01/portada.jpg 680w, https://chlasmajadas.com/wp-content/uploads/2020/01/portada-300x225.jpg 300w, https://chlasmajadas.com/wp-content/uploads/2020/01/portada-230x173.jpg 230w, https://chlasmajadas.com/wp-content/uploads/2020/01/portada-350x263.jpg 350w, https://chlasmajadas.com/wp-content/uploads/2020/01/portada-480x360.jpg 480w" sizes="(max-width: 680px) 100vw, 680px" /></figure>

<p>Todos los campamentos ofertados son de dia. Los grupos son muy pequeños (máximo de 7 en clases de equitación y 12 en las comunes ) y nuestras instalaciones están en un espacio natural, contando el Centro con más de 20.000m2. Para que la actividad sea más flexible, el pago del campamento, en su totalidad, puede &hellip; </p>
<p class="link-more"><a href="https://chlasmajadas.com/index.php/campamento-de-verano/" class="more-link">Continuar leyendo<span class="screen-reader-text"> «Campamentos de Verano 2024»</span></a></p>
