{"id":15560,"date":"2018-08-08T19:46:21","date_gmt":"2018-08-08T19:46:21","guid":{"rendered":"http:\/\/chlasmajadas.com\/?page_id=15560"},"modified":"2025-01-01T17:40:22","modified_gmt":"2025-01-01T17:40:22","slug":"salto-avanzado","status":"publish","type":"page","link":"https:\/\/chlasmajadas.com\/index.php\/salto-avanzado\/","title":{"rendered":"Salto Avanzado"},"content":{"rendered":"\n<figure class=\"wp-block-image size-large\"><img loading=\"lazy\" decoding=\"async\" width=\"500\" height=\"343\" src=\"http:\/\/chlasmajadas.com\/wp-content\/uploads\/2020\/01\/anacolbaltjump1.jpg\" alt=\"\" class=\"wp-image-16523\" srcset=\"https:\/\/chlasmajadas.com\/wp-content\/uploads\/2020\/01\/anacolbaltjump1.jpg 500w, https:\/\/chlasmajadas.com\/wp-content\/uploads\/2020\/01\/anacolbaltjump1-300x206.jpg 300w\" sizes=\"(max-width: 500px) 100vw, 500px\" \/><\/figure>\n\n\n<p>Para aquellos jinetes que ya tienen <a href=\"https:\/\/www.instagram.com\/p\/BvOfEikFg-g\/\"><strong>una buena base t\u00e9cnica<\/strong><\/a> y tienen experiencia previa, esta actividad est\u00e1 enfocada a las disciplinas de Salto de Obst\u00e1culos. Para ello, utilizamos obst\u00e1culos fijos r\u00fasticos as\u00ed como trabajo en pista sin l\u00edmite en la altura. Todo ello enfocado a la competici\u00f3n<a href=\"https:\/\/www.instagram.com\/p\/BycaUpVieak\/\"><strong> fuera del Centro<\/strong><\/a>.<\/p>","protected":false},"excerpt":{"rendered":"<p>Para aquellos jinetes que ya tienen una buena base t\u00e9cnica y tienen experiencia previa, esta actividad est\u00e1 enfocada a las disciplinas de Salto de Obst\u00e1culos. Para ello, utilizamos obst\u00e1culos fijos r\u00fasticos as\u00ed como trabajo en pista sin l\u00edmite en la altura. Todo ello enfocado a la competici\u00f3n fuera del Centro.<\/p>\n","protected":false},"author":1,"featured_media":0,"parent":0,"menu_order":0,"comment_status":"closed","ping_status":"closed","template":"","meta":{"footnotes":""},"_links":{"self":[{"href":"https:\/\/chlasmajadas.com\/index.php\/wp-json\/wp\/v2\/pages\/15560"}],"collection":[{"href":"https:\/\/chlasmajadas.com\/index.php\/wp-json\/wp\/v2\/pages"}],"about":[{"href":"https:\/\/chlasmajadas.com\/index.php\/wp-json\/wp\/v2\/types\/page"}],"author":[{"embeddable":true,"href":"https:\/\/chlasmajadas.com\/index.php\/wp-json\/wp\/v2\/users\/1"}],"replies":[{"embeddable":true,"href":"https:\/\/chlasmajadas.com\/index.php\/wp-json\/wp\/v2\/comments?post=15560"}],"version-history":[{"count":2,"href":"https:\/\/chlasmajadas.com\/index.php\/wp-json\/wp\/v2\/pages\/15560\/revisions"}],"predecessor-version":[{"id":16878,"href":"https:\/\/chlasmajadas.com\/index.php\/wp-json\/wp\/v2\/pages\/15560\/revisions\/16878"}],"wp:attachment":[{"href":"https:\/\/chlasmajadas.com\/index.php\/wp-json\/wp\/v2\/media?parent=15560"}],"curies":[{"name":"wp","href":"https:\/\/api.w.org\/{rel}","templated":true}]}}